*d, -6*d + 4*j - 2 = -c*d. What is the remainder when d is divided by 1?
0
Let i = 1 - -16. Suppose z + 888*c - 883*c - 119 = 0, 24 = 4*c. Calculate the remainder when z is divided by i.
4
Let g = 805 + -737. Let v(a) = -405*a + 2. Calculate the remainder when v(-1) is divided by g.
67
Calculate the remainder when 66 is divided by ((-366)/(-732))/((-1)/(-102)).
15
Let j be ((-9)/4 + 4)/((-9)/(-612)). Suppose 46*u + j - 2281 = 0. Calculate the remainder when u is divided by 27.
20
Calculate the remainder when (-21)/(63/6) - -493 is divided by 79.
17
Let v = -876 + 914. Suppose -3*x = z - 43, -2*x = 3*x + 5*z - 65. What is the remainder when v is divided by x?
8
Suppose -h - 25 = 4*i - 87, 6 = -3*h. Suppose -5*l + 544 = 2*m, l - 15*m = -18*m + 114. Let o = l + -65. What is the remainder when o is divided by i?
11
Let x = 6568 + -5722. Calculate the remainder when x is divided by 134.
42
Let c(z) = 16*z**3 + 2*z**2 + 40*z - 39. Calculate the remainder when c(1) is divided by 5.
4
Suppose h = 3*x + 2*h - 40, 3*h - 30 = -3*x. Let p(f) = 22*f**2 + 466*f - 158. What is the remainder when p(-22) is divided by x?
13
Let r(h) = -5*h**2 - 183*h - 48. Calculate the remainder when r(-20) is divided by 231.
226
Let p(q) = -q**3 - 12*q**2 + 18*q + 17. Let g be p(-13). Let n = -81 - g. Let z = -26 - n. Calculate the remainder when z is divided by 5.
2
Suppose -4*a + 10 - 27 = -5*i, 5*a - 5*i + 15 = 0. Suppose 5*b - 3*h = 220, -4*b + 104 = -a*b + 2*h. What is the remainder when 61 is divided by b?
14
Suppose -53*n + 7323 - 3660 = -4764. What is the remainder when 324 is divided by n?
6
Suppose 2465 = t + 5*q, 0 = 5*t + q - 1350 - 10807. Calculate the remainder when t is divided by 153.
135
Let v be (-6)/(-45) + 3/45*58. Suppose v*c + 3*m = 248, -3*c = -m - 106 - 67. Let b = -31 + c. Calculate the remainder when 137 is divided by b.
25
Suppose 8*m - 3*m = -s + 1314, -2*m = -8*s - 576. Calculate the remainder when m is divided by 26.
4
Let k = 1133 + -1075. What is the remainder when k is divided by 41?
17
Let f = 322 + -318. Suppose f*x + 3*s = 98, x - 28 = 2*s - s. What is the remainder when x is divided by 9?
8
Let a(j) = -j**2 - 21*j - 83. Let p be a(-15). Let n(r) = r**3 - 9*r**2 + 14*r + 8. Calculate the remainder when 12 is divided by n(p).
4
Suppose 0 = -2*z + 8, -36 = -2*f + 2*z - 5*z. Calculate the remainder when (6 - (f - 5)) + 97 is divided by 49.
47
Suppose -2*q = 0, 5*l + 280*q - 281*q = 1970. Calculate the remainder when l is divided by 99.
97
Suppose -8*j = -179 - 37. Let u be (27/(-18))/(6/104). Calculate the remainder when (-2034)/(-39) - (-4)/u is divided by j.
25
Calculate the remainder when (-11 - (-168)/12) + 99 is divided by 83.
19
Suppose -29*t - 273 = -50*t. Calculate the remainder when 46329 is divided by t.
10
Let k = -676 + 689. Calculate the remainder when 1816 is divided by k.
9
Suppose 7*v + 9*v = 464. Let n(w) = -5*w + 164. Calculate the remainder when 170 is divided by n(v).
18
Suppose -5*u - 797 = -m, 4*u + m = 2*m - 637. Let t = 186 + u. Calculate the remainder when t is divided by 15.
11
Suppose -5*j - 326 - 229 = -3*q, -3*j - 2*q - 333 = 0. Calculate the remainder when (j/(-1) - (6 - 3)) + -1 is divided by 27.
26
Suppose 79*f = 67*f + 960. Suppose -25 = -3*u - 8*s + 3*s, 5*s = 4*u - f. What is the remainder when 23 is divided by u?
8
Suppose -43*f - 1201 = -1459. Calculate the remainder when 550 is divided by f.
4
Let l = 282 + -240. Suppose 5*w - 15 = -5*c + 45, -5*w + 87 = -4*c. What is the remainder when l is divided by w?
12
Let k(o) = 2*o**2 + 6*o - 7. Let r be k(-6). Let f = r - 18. What is the remainder when 151 is divided by f?
8
Suppose 4*i + 7 = -1, j - 5*i - 103 = 0. Calculate the remainder when 184 is divided by j.
91
Suppose 2*a = 4*p + 19 - 51, 3*a = p - 3. Calculate the remainder when 2680 is divided by p.
7
Let v(b) = 68*b + 1603. What is the remainder when v(-22) is divided by 18?
17
Let y(m) = m**3 + m**2 + 18*m + 1214. What is the remainder when y(0) is divided by 37?
30
Suppose 8*y + 27*y - 7416 = 1614. What is the remainder when y is divided by 47?
23
Let z(i) = -8*i + 2. Let h(l) = -2561*l - 4774. Calculate the remainder when h(-2) is divided by z(-6).
48
Calculate the remainder when 202 - 0/((-6)/(-8 + 11)) is divided by 21.
13
Let i(r) = 104*r - 6411. What is the remainder when 1336 is divided by i(62)?
4
Suppose -247 = -63*c + 1202. Let j(m) = 8*m + 9. What is the remainder when j(7) is divided by c?
19
Suppose -15*f + 509 = -4*f + 113. Let z = -715 + 1180. What is the remainder when z is divided by f?
33
Let v(o) = 36*o**2 - 110*o + 423. What is the remainder when v(4) is divided by 33?
31
What is the remainder when 353 is divided by 54/(-3) - (-72 - -18)?
29
Let v be 0*(-6 - -2)/8. Suppose 4*l - 7*l + 26 = -4*g, l + 2 = v. Let b(s) = -s. What is the remainder when 10 is divided by b(g)?
2
Suppose 15*s - 5778 = 12*s. Suppose 35*a + 106 - s = 0. Calculate the remainder when 467 is divided by a.
51
Let g(s) = 7304*s**2 + 26*s - 18. What is the remainder when g(1) is divided by 71?
70
Let k(x) = -x**2 + 16*x - 28. Let m be 160/(15 - 7) + -7. Calculate the remainder when 12*16/6*2 is divided by k(m).
9
Let b(k) = 13 + 2*k + 12 + 10. Let h be b(-23). What is the remainder when 129 is divided by (-360)/(-14) - h/(308/8)?
25
Let o = 29604 + -25146. What is the remainder when o is divided by 1114?
2
Let x = -348 - -340. Let m(n) = -n**3 - 7*n**2 - 11*n - 50. Calculate the remainder when m(x) is divided by 54.
48
Let y = 663 + -443. What is the remainder when y is divided by 16?
12
Let w = -101565 - -101602. What is the remainder when 1/(2/596) + -3 is divided by w?
36
Let g(u) = -2*u**3 + 29*u**2 - 17*u + 21. Let t be g(13). Let j = t + -184. Calculate the remainder when j is divided by 5.
3
Calculate the remainder when 3787 is divided by (-3)/(-18) - (11 + 322/(-12)).
11
Let k be (0 - 1)*(25 - 112). Suppose 0 = -20*m - 9*m + k. What is the remainder when 3 is divided by m?
0
Let b = -6732 + 6758. What is the remainder when 203 is divided by b?
21
Let t be (-4)/(-18) + 302/18. Suppose 5*d = t + 3. Suppose 4*c - 15 = c, 4*c = -d*x + 280. Calculate the remainder when x is divided by 17.
14
Let q(c) = 75*c. Calculate the remainder when q(1) is divided by 3*(-80)/45*(-30)/8.
15
Let x(h) = -5*h + 181*h**2 + 72 + 2*h - 182*h**2. What is the remainder when x(0) is divided by 24?
0
Suppose r + 657 = 4*s + 4*r, 5*r + 193 = s. Let h(m) = 49*m**2 - 886*m + 77. Calculate the remainder when s is divided by h(18).
3
Suppose 3*r + 4*s = s + 54, 20 = 4*s. Let k(i) = r*i - 5*i - 24*i - 5*i. What is the remainder when 208 is divided by k(-2)?
40
Suppose 0 = 3*i - 12*p + 13*p - 13539, 3*p + 18078 = 4*i. Calculate the remainder when i is divided by 18.
15
Suppose -6327 - 11131 = -14*z - 5950. Calculate the remainder when z is divided by 403.
16
Let c(r) = -r**2 - 26*r + 8. Let y be c(-24). Calculate the remainder when ((-165)/66)/(-2*2/y) is divided by 12.
11
Suppose -55 = 3*z - 8*z + 5*r, -5 = -z - 2*r. Suppose -4*n + 44 = -4*g, -3*n - 2*g = -9 - z. Let d = 169 + n. Calculate the remainder when d is divided by 15.
12
Let v(c) = c**3 - 9*c**2 - 10*c + 8. Suppose -2*f + 3 + 17 = 0. Calculate the remainder when 27 is divided by v(f).
3
Let w be 4 - 22/(-44)*(-1576 + 0). Let q = w - -861. Calculate the remainder when q is divided by 35.
7
Suppose -103*r + 108*r + 1264 = -o, 0 = -4*r + 3*o - 996. What is the remainder when 175 is divided by ((-72)/r - 88/14) + 26?
15
Let l(a) = 2*a + 59. Let v(p) = p**3 + 14*p**2 + 16*p + 21. Let t be v(-13). What is the remainder when 157 is divided by l(t)?
19
Calculate the remainder when 1 - 6/8*4 - -424 is divided by 151.
120
Suppose -a - b + 143 = 0, 2*b = 2 - 0. Suppose -a*v = -144*v + 606. Calculate the remainder when v is divided by 16.
15
Let r = -649 - -744. What is the remainder when r is divided by 6?
5
Let y = -2926 - -3101. What is the remainder when y is divided by 3?
1
Suppose 10*n - 1218 = -5828. Let i = n - -729. Calculate the remainder when i is divided by 18.
16
What is the remainder when (-64 - -6)/(-1 + 3)*-1 is divided by 28?
1
Suppose 1161 = 10*t + 4*t - 1079. Calculate the remainder when 549 is divided by t.
69
Let i(w) be the second derivative of -2*w**3/3 + 60*w**2 -